True
Is 7 a factor of 12158?
False
Does 25 divide 1360?
False
Is 32 a factor of 12992?
True
Is 171 a factor of 6232?
False
Is 73 a factor of 686?
False
Does 30 divide 67620?
True
Does 70 divide 27510?
True
Is 25 a factor of 1200?
True
Does 27 divide 597?
False
Is 18 a factor of 1073?
False
Is 17673 a multiple of 43?
True
Is 43 a factor of 7826?
True
Does 13 divide 676?
True
Does 16 divide 208?
True
Is 22869 a multiple of 7?
True
Is 6608 a multiple of 59?
True
Does 45 divide 1506?
False
Does 10 divide 4182?
False
Is 15595 a multiple of 248?
False
Is 1350 a multiple of 41?
False
Is 3942 a multiple of 146?
True
Is 2 a factor of 41?
False
Is 148302 a multiple of 37?
False
Is 12 a factor of 4377?
False
Does 19 divide 5377?
True
Is 163 a factor of 1956?
True
Does 25 divide 575?
True
Does 100 divide 500?
True
Is 39157 a multiple of 39?
False
Is 21 a factor of 1249?
False
Is 3 a factor of 27?
True
Does 45 divide 5767?
False
Does 21 divide 16275?
True
Does 20 divide 1327?
False
Does 3 divide 1058?
False
Does 10 divide 1350?
True
Is 2407 a multiple of 72?
False
Is 3931 a multiple of 14?
False
Does 50 divide 400?
True
Is 300 a multiple of 25?
True
Is 29232 a multiple of 87?
True
Does 152 divide 7373?
False
Is 1160 a multiple of 10?
True
Is 8044 a multiple of 32?
False
Is 21 a factor of 3532?
False
Is 9990 a multiple of 45?
True
Is 455 a multiple of 65?
True
Does 14 divide 7252?
True
Is 3885 a multiple of 35?
True
Does 188 divide 10569?
False
Is 848 a multiple of 10?
False
Is 596 a multiple of 10?
False
Does 33 divide 2277?
True
Is 4 a factor of 1233?
False
Does 4 divide 1996?
True
Does 5 divide 10139?
False
Is 13 a factor of 559?
True
Is 6835 a multiple of 81?
False
Is 9781 a multiple of 29?
False
Is 243 a multiple of 10?
False
Is 6 a factor of 612?
True
Is 2772 a multiple of 12?
True
Is 712 a multiple of 24?
False
Is 8234 a multiple of 46?
True
Is 3 a factor of 624?
True
Is 6300 a multiple of 28?
True
Does 2 divide 23?
False
Does 29 divide 58?
True
Is 16 a factor of 30224?
True
Does 46 divide 3864?
True
Is 16965 a multiple of 5?
True
Does 45 divide 892?
False
Is 1440 a multiple of 30?
True
Is 21 a factor of 143640?
True
Is 1500 a multiple of 92?
False
Is 80 a multiple of 10?
True
Is 46 a factor of 44406?
False
Is 55 a factor of 11526?
False
Is 280 a factor of 66650?
False
Is 324 a multiple of 36?
True
Is 17554 a multiple of 23?
False
Is 2431 a multiple of 17?
True
Does 55 divide 68640?
True
Is 17254 a multiple of 36?
False
Is 28648 a multiple of 8?
True
Does 56 divide 2175?
False
Is 1027 a multiple of 47?
False
Is 2675 a multiple of 25?
True
Is 85 a factor of 1615?
True
Does 7 divide 6811?
True
Is 16 a factor of 14293?
False
Is 6 a factor of 565?
False
Is 13657 a multiple of 89?
False
Is 1988 a multiple of 31?
False
Is 25947 a multiple of 31?
True
Is 1866 a multiple of 25?
False
Is 567 a multiple of 7?
True
Is 25 a factor of 1750?
True
Is 5848 a multiple of 136?
True
Is 80854 a multiple of 339?
False
Does 18 divide 8298?
True
Is 27997 a multiple of 97?
False
Is 222 a multiple of 4?
False
Is 79 a factor of 4121?
False
Is 772 a multiple of 2?
True
Is 108 a multiple of 6?
True
Is 527 a multiple of 17?
True
Is 12 a factor of 96?
True
Does 39 divide 3003?
True
Is 19 a factor of 6555?
True
Does 12 divide 18990?
False
Is 2459 even?
False
Does 35 divide 752?
False
Does 13 divide 263?
False
Is 51 a factor of 23460?
True
Is 43 a factor of 30186?
True
Is 109 a factor of 15914?
True
Does 4 divide 44?
True
Is 18 a factor of 8872?
False
Does 10 divide 970?
True
Is 1472 a multiple of 32?
True
Is 17 a factor of 9724?
True
Does 12 divide 1189?
False
Does 17 divide 24089?
True
Is 16 a factor of 2034?
False
Does 33 divide 3234?
True
Is 7127 a multiple of 13?
False
Is 77024 a multiple of 142?
False
Does 56 divide 616?
True
Is 3875 a multiple of 5?
True
Is 13 a factor of 41214?
False
Does 140 divide 11043?
False
Is 33596 a multiple of 19?
False
Is 13 a factor of 13650?
True
Does 88 divide 557?
False
Is 13 a factor of 7930?
True
Is 5 a multiple of 2?
False
Is 4473 a multiple of 71?
True
Is 319 a multiple of 8?
False
Is 238 a multiple of 40?
False
Does 4 divide 2979?
False
Is 486 a multiple of 81?
True
Does 11 divide 362?
False
Is 9246 a multiple of 8?
False
Is 8 a factor of 3600?
True
Does 13 divide 10127?
True
Is 2649 a multiple of 28?
False
Is 28 a factor of 1067?
False
Is 48 a factor of 3792?
True
Is 6270 a multiple of 110?
True
Is 3320 even?
True
Is 19708 a multiple of 52?
True
Does 44 divide 1488?
False
Is 5854 a multiple of 21?
False
Does 31 divide 4560?
False
Is 44 a factor of 16495?
False
Is 11 a factor of 217?
False
Does 128 divide 33446?
False
Is 46514 a multiple of 17?
False
Is 21 a factor of 903?
True
Is 9177 a multiple of 57?
True
Does 25 divide 1813?
False
Is 1753 a multiple of 46?
False
Is 33 a multiple of 11?
True
Is 25 a factor of 1750?
True
Does 34 divide 5780?
True
Is 27 a factor of 16607?
False
Is 18217 a multiple of 17?
False
Is 34 a factor of 340?
True
Does 146 divide 21170?
True
Does 5 divide 424?
False
Does 8 divide 16981?
False
Is 178 a factor of 17800?
True
Is 6 a factor of 258?
True
Does 3 divide 84?
True
Is 8 a factor of 25320?
True
Does 24 divide 2374?
False
Is 29 a factor of 3477?
False
Does 9 divide 2501?
False
Does 10 divide 157410?
True
Is 37 a factor of 2405?
True
Is 19975 a multiple of 25?
True
Is 29799 a multiple of 11?
True
Is 156 a factor of 636?
False
Is 1511 a multiple of 53?
False
Is 36511 a multiple of 85?
False
Does 14 divide 2954?
True
Is 36 a factor of 1404?
True
Is 7 a factor of 4849?
False
Is 3825 a multiple of 15?
True
Does 79 divide 18170?
True
Is 10 a factor of 673?
False
Does 35 divide 523?
False
Is 238 a multiple of 24?
False
Does 128 divide 12544?
True
Is 24 a factor of 21031?
False
Does 125 divide 25875?
True
Is 27 even?
False
Is 13 a factor of 38649?
True
Is 4 a factor of 1712?
True
Does 15 divide 1785?
True
Does 8 divide 136?
True
Is 990 a multiple of 55?
True
Is 31 a factor of 434?
True
Is 306 a multiple of 18?
True
Is 6 a factor of 2079?
False
Does 25 divide 149?
False
Is 3469 a multiple of 29?
False
Does 80 divide 2560?
True
Does 3 divide 4075?
False
Is 28154 a multiple of 7?
True
Is 70 even?
True
Is 2035 a multiple of 39?
False
Is 694 a multiple of 7?
False
Is 1521 a multiple of 39?
True
Is 10800 a multiple of 28?
False
Is 2 a factor of 5108?
True
Does 4 divide 800?
True
Does 44 divide 16808?
True
Does 72 divide 15408?
True
Is 6 a factor of 11589?
False
Is 7379 a multiple of 3?
False
Is 233 a factor of 52485?
False
Is 18 a factor of 897?
False
Is 3 a factor of 342?
True
Does 84 divide 443?
False
Is 43184 a multiple of 24?
False
Is 143 a multiple of 11?
True
Does 35 divide 19292?
False
Is 34 a factor of 2345?
False
Is 26333 a multiple of 232?
False
Is 13 a factor of 918?
False
Is 26 a factor of 1945?
False
Does 33 divide 1221?
True
Is 4 a factor of 6996?
True
Does 16 divide 6224?
True
Is 1918 a multiple of 31?
False
Does 11 divide 74302?
False
Does 85 divide 2380?
True
Is 6 a factor of 86?
False
Does 79 divide 31197?
False
Is 22969 a multiple of 21?
False
Is 37 a factor of 5338?
False
Is 251 a multiple of 10?
False
Is 88 a factor of 6864?
True
Does 52 divide 1398?
False
Does 4 divide 165?
False
Does 3 divide 8566?
False
Is 872 a multiple of 109?
True
Is 13827 a multiple of 203?
False
Is 98 a factor of 3852?
False
Is 11385 a multiple of 12?
False
Is 686 a multiple of 5?
False
Is 115 a factor of 24610?
True
Is 26757 a multiple of 263?
False
Is 3672 a multiple of 34?
True
Does 59 divide 177?
True
Does 35 divide 31277?
False
Does 163 divide 20602?
False
Does 95 divide 28975?
True
Is 6804 a multiple of 189?
True
Is 125 a multiple of 17?
False
Is 1950 a multiple of 25?
True
Is 726 a multiple of 25?
False
Is 96 a multiple of 21?
False
Is 8 a factor of 1357?
False
Is 1078 a multiple of 30?
False
Is 6108 a multiple of 12?
True
Is 61971 a multiple of 13?
True
Is 79 a factor of 41714?
False
Is 3121 a multiple of 12?
False
Is 1707 a multiple of 18?
False
Does 10 divide 132?
False
Is 83 a factor of 17679?
True
Is 9 a factor of 15136?
False
Is 7 a factor of 3514?
True
Is 4 a factor of 32?
True
Is 780 a multiple of 130?
True
Is 2 a factor of 187?
False
Does 24 divide 17747?
False
Does 6 divide 1135?
False
Does 30 divide 706?
F